{"id":32,"date":"2018-11-06T16:26:31","date_gmt":"2018-11-06T16:26:31","guid":{"rendered":"http:\/\/www.unpm.mr\/fnbtp\/sample-page\/"},"modified":"2026-01-27T12:33:04","modified_gmt":"2026-01-27T12:33:04","slug":"sample-page","status":"publish","type":"page","link":"https:\/\/www.unpm.mr\/fnbtp\/ar\/","title":{"rendered":"\u062a\u0639\u0631\u064a\u0641 \u0628\u0627\u0644\u0625\u062a\u062d\u0627\u062f\u064a\u0629"},"content":{"rendered":"<p><strong>F\u00e9d\u00e9ration Nationale des B\u00e2timents et Travaux\u00a0 Publics <\/strong><\/p>\n","protected":false},"excerpt":{"rendered":"<p>F\u00e9d\u00e9ration Nationale des B\u00e2timents et Travaux\u00a0 Publics<\/p>\n","protected":false},"author":2,"featured_media":0,"parent":0,"menu_order":0,"comment_status":"closed","ping_status":"open","template":"","meta":{"footnotes":""},"class_list":["post-32","page","type-page","status-publish","hentry"],"_links":{"self":[{"href":"https:\/\/www.unpm.mr\/fnbtp\/wp-json\/wp\/v2\/pages\/32","targetHints":{"allow":["GET"]}}],"collection":[{"href":"https:\/\/www.unpm.mr\/fnbtp\/wp-json\/wp\/v2\/pages"}],"about":[{"href":"https:\/\/www.unpm.mr\/fnbtp\/wp-json\/wp\/v2\/types\/page"}],"author":[{"embeddable":true,"href":"https:\/\/www.unpm.mr\/fnbtp\/wp-json\/wp\/v2\/users\/2"}],"replies":[{"embeddable":true,"href":"https:\/\/www.unpm.mr\/fnbtp\/wp-json\/wp\/v2\/comments?post=32"}],"version-history":[{"count":1,"href":"https:\/\/www.unpm.mr\/fnbtp\/wp-json\/wp\/v2\/pages\/32\/revisions"}],"predecessor-version":[{"id":33,"href":"https:\/\/www.unpm.mr\/fnbtp\/wp-json\/wp\/v2\/pages\/32\/revisions\/33"}],"wp:attachment":[{"href":"https:\/\/www.unpm.mr\/fnbtp\/wp-json\/wp\/v2\/media?parent=32"}],"curies":[{"name":"wp","href":"https:\/\/api.w.org\/{rel}","templated":true}]}}