{"id":14,"date":"2018-11-06T07:02:03","date_gmt":"2018-11-06T07:02:03","guid":{"rendered":"http:\/\/www.unpm.mr\/fnp\/?page_id=14"},"modified":"2026-01-27T12:32:39","modified_gmt":"2026-01-27T12:32:39","slug":"strategie-et-politique-de-la-fnp-2","status":"publish","type":"page","link":"https:\/\/www.unpm.mr\/fnp\/strategie-et-politique-de-la-fnp-2\/","title":{"rendered":"Strat\u00e9gie et Politique de la FNP"},"content":{"rendered":"<table width=\"100%\">\n<tbody>\n<tr>\n<td width=\"100%\"><\/td>\n<\/tr>\n<tr>\n<td>\n<table width=\"100%\">\n<tbody>\n<tr>\n<td>La FNP\u00a0a pour objet\u00a0: l\u2019\u00e9tude, la d\u00e9fense et la repr\u00e9sentation des int\u00e9r\u00eats \u00e9conomiques, industriels, sociaux et commerciaux de ses adh\u00e9rents. Elle s\u2019assigne les objectifs suivants\u00a0:<\/p>\n<p>&#8211;\u00a0\u00a0\u00a0\u00a0\u00a0\u00a0\u00a0\u00a0\u00a0\u00a0La participation \u00e0 l\u2019\u00e9laboration de strat\u00e9gies pour l\u2019exploitation rationnelle des ressources halieutiques de\u00a0\u00a0la Mauritanie.<\/p>\n<p>&#8211;\u00a0\u00a0\u00a0\u00a0\u00a0\u00a0\u00a0\u00a0\u00a0\u00a0L\u2019impulsion des activit\u00e9s maritimes et la promotion des initiatives de tous ses adh\u00e9rents dans le cadre d\u2019une libre et loyale concurrence.<\/p>\n<p>&#8211;\u00a0\u00a0\u00a0\u00a0\u00a0\u00a0\u00a0\u00a0\u00a0\u00a0La r\u00e9alisation et ou la participation aux \u00e9tudes, projets ou toute action se rapportant au secteur maritime.<\/p>\n<p>&#8211;\u00a0\u00a0\u00a0\u00a0\u00a0\u00a0\u00a0\u00a0\u00a0\u00a0La participation consciente et responsable \u00e0 tout effort de redressement et d\u2019\u00e9panouissement \u00e9conomique et sociale de\u00a0la Mauritanie.<\/p>\n<p>La collaboration sinc\u00e8re avec l\u2019Administration et avec toutes les F\u00e9d\u00e9rations Nationales dans le cadre de l\u2019UNPM.<\/td>\n<\/tr>\n<\/tbody>\n<\/table>\n<\/td>\n<\/tr>\n<\/tbody>\n<\/table>\n","protected":false},"excerpt":{"rendered":"<p>La FNP\u00a0a pour objet\u00a0: l\u2019\u00e9tude, la d\u00e9fense et la repr\u00e9sentation des int\u00e9r\u00eats \u00e9conomiques, industriels, sociaux et commerciaux de ses adh\u00e9rents. Elle s\u2019assigne les objectifs suivants\u00a0: &#8211;\u00a0\u00a0\u00a0\u00a0\u00a0\u00a0\u00a0\u00a0\u00a0\u00a0La participation \u00e0 l\u2019\u00e9laboration de strat\u00e9gies pour l\u2019exploitation rationnelle des ressources halieutiques de\u00a0\u00a0la Mauritanie. &#8211;\u00a0\u00a0\u00a0\u00a0\u00a0\u00a0\u00a0\u00a0\u00a0\u00a0L\u2019impulsion des activit\u00e9s maritimes et la promotion des initiatives de tous ses adh\u00e9rents dans le cadre [&hellip;]<\/p>\n","protected":false},"author":1,"featured_media":0,"parent":0,"menu_order":0,"comment_status":"closed","ping_status":"closed","template":"","meta":{"footnotes":""},"class_list":["post-14","page","type-page","status-publish","hentry"],"_links":{"self":[{"href":"https:\/\/www.unpm.mr\/fnp\/wp-json\/wp\/v2\/pages\/14","targetHints":{"allow":["GET"]}}],"collection":[{"href":"https:\/\/www.unpm.mr\/fnp\/wp-json\/wp\/v2\/pages"}],"about":[{"href":"https:\/\/www.unpm.mr\/fnp\/wp-json\/wp\/v2\/types\/page"}],"author":[{"embeddable":true,"href":"https:\/\/www.unpm.mr\/fnp\/wp-json\/wp\/v2\/users\/1"}],"replies":[{"embeddable":true,"href":"https:\/\/www.unpm.mr\/fnp\/wp-json\/wp\/v2\/comments?post=14"}],"version-history":[{"count":1,"href":"https:\/\/www.unpm.mr\/fnp\/wp-json\/wp\/v2\/pages\/14\/revisions"}],"predecessor-version":[{"id":15,"href":"https:\/\/www.unpm.mr\/fnp\/wp-json\/wp\/v2\/pages\/14\/revisions\/15"}],"wp:attachment":[{"href":"https:\/\/www.unpm.mr\/fnp\/wp-json\/wp\/v2\/media?parent=14"}],"curies":[{"name":"wp","href":"https:\/\/api.w.org\/{rel}","templated":true}]}}